-8 - -17) + -9?
-7
Calculate 6 - -4 - 11 - (3 + 2).
-6
-4 - -1 - (0 - 0)
-3
-2 + (-7 - -7 - 3)
-5
What is (119 - 114) + (0 - 15)?
-10
Calculate (-7 + 4 - 0) + 0.
-3
What is the value of 1 - (-2 + -1 - -6)?
-2
Calculate -5 + (3 - (-2 + 4)).
-4
Calculate (5 - (1 + -2 + 10)) + -3.
-7
(-3 - 1) + -5 + 5
-4
Evaluate 5 + (-7 - -6) - 4.
0
Calculate -7 - (11 + -31 + 11).
2
What is the value of 1 - 2 - -7 - (3 - 2)?
5
Calculate -9 + 16 - 0 - 11.
-4
What is 6 - (-5 - -15 - (-7 - -7))?
-4
Evaluate 9 - (2 + -1 + 7).
1
What is -3 - 1 - (-10 - -8) - -4?
2
Calculate (-1 + -5 - -3) + 6.
3
Evaluate -1 - (2 - 8 - -3).
2
What is 1 - ((9 - 0) + -4)?
-4
What is the value of 0 - 0 - (-6 + (1 - -1))?
4
What is 1 - 2 - (0 - 11 - -7)?
3
Calculate 3 + (0 + -11 + 3 - -3).
-2
(-9 - -20) + (1 - 11)
1
What is the value of -1 + (1 - 1) + 4?
3
Calculate -12 - (-9 - 1) - -10.
8
Calculate -3 + (-5 - 4) + 3.
-9
What is 2 + (-2 - 0) - (-4 - -8)?
-4
Calculate -4 + 2 + 7 + 7 + -12.
0
What is (-4 - -4) + -5 + 7?
2
What is the value of -21 - -31 - (1 + 0)?
9
(1 + -1 - -1) + -2
-1
What is the value of -1 + (2 + 1 - (7 + -1))?
-4
Calculate 1 + (1 - (4 - 5)).
3
1 + 3 + -30 + 16 + 7
-3
-3 + (1 - (-4 + 1 - -1))
0
6 - (5 - (8 + -7))
2
Evaluate -1 - (-8 - -14 - 8).
1
0 - (17 + -14) - (-9 + 1)
5
What is the value of -8 + -3 + (-35 - -46)?
0
Calculate 3 + 6 + -5 + -1 + 1.
4
Evaluate 3 + (1 + -5 - 1).
-2
Evaluate 4 + -2 + (9 - 5).
6
What is -41 + 46 - (-1 + 11)?
-5
What is -2 + -1 + -3 - (-2 - 0)?
-4
Evaluate 4 + 7 + -6 + -2.
3
Evaluate -3 - -2 - (-2 + 3).
-2
Calculate (-11 - (7 + -9)) + 13.
4
Evaluate -6 - (-2 + -1) - -9.
6
What is the value of 0 + (5 - (6 + -4))?
3
Calculate 11 + 3 + -8 + (2 - 3).
5
What is (1 - -5) + (-4 - 2)?
0
Evaluate 2 + 0 - 2 - (-61 - -61).
0
What is the value of 5 - (11 - 5 - 3) - -3?
5
What is the value of 0 - (3 + (-4 - 5) + 6)?
0
Evaluate (2 + -1 - (1 + 5)) + 1.
-4
42 + -21 + -18 - (8 + 0)
-5
Evaluate -17 + 7 - -2 - (1 - 5).
-4
What is the value of 1 - 0 - (-16 + 7 - -6)?
4
What is -4 + 9 + -2 + 5 + -5?
3
What is (6 + 7 - 4) + 0 + -4?
5
Calculate (-2 - 0) + 6 + -5.
-1
What is (0 - (2 + -3)) + 4 + 0?
5
Calculate 45 - 47 - (2 - 3).
-1
What is the value of 1 + (3 - (2 + (0 - -5)))?
-3
Calculate (0 - (-1 + 9)) + (-100 - -103).
-5
What is the value of (2 - 3) + -5 - (-11 + 7)?
-2
Calculate 3 + -4 + 5 - 1.
3
-2 + (3 - (-5 - -11))
-5
0 + 2 - ((5 - -5) + -8)
0
Calculate 2 - (7 - -2) - 0.
-7
What is the value of 1 + -2 + 2 + (-10 - -7)?
-2
Calculate (7 - 5) + (3 - 2).
3
Calculate (-1 - -1 - -1) + (-275 - -277).
3
What is the value of 6 + -6 + 2 - 0?
2
What is the value of (3 - 8) + 2 + 2 + -1?
-2
Evaluate -5 + 9 + -11 + 3.
-4
What is -1 + -6 + (-4 - -15)?
4
What is 4 - (9 - (-1 + 8) - 3)?
5
What is -2 + 8 + 1 + -6?
1
Calculate 18 + -32 - -19 - (0 - 0).
5
What is the value of 8 - (18 - (-4 + 17 + -6))?
-3
What is (-1 - (9 - (-3 + 7))) + 4?
-2
Evaluate 2 - 8 - (-30 - -24).
0
5 + -10 + -4 + 8 + 2
1
What is the value of 1 + 1 - (11 + -6)?
-3
2 - (-3 - (-1 + 4 + -4))
4
Calculate -9 + 1 + 6 + 9.
7
Evaluate -2 - (0 + 0 + 0 + -2).
0
Evaluate 1 + (4 - 1) - (-3 - -4).
3
What is 1 - 0 - (6 - 0)?
-5
-2 - (-1 - (-8 - (-7 - -2)))
-4
Evaluate 1 + -1 - (9 + -14).
5
Calculate -23 + 11 + 20 + (-4 - 2).
2
Evaluate 11 + -14 + 6 + 0.
3
Calculate 1 + (6 - 3) + -3 + -2.
-1
What is the value of -4 - (6 - 9 - -2)?
-3
Calculate (8 - -1) + -2 - 0.
7
What is the value of 3 - (-5 + -3 + 6)?
5
What is the value of -4 - (-8 + (-11 - -22))?
-7
What is the value of (7 - (13 + -21)) + -15?
0
Evaluate -4 + (4 - (-6 + 5)).
1
Calculate (7 - (-6 + 7)) + -3 - -3.
6
Evaluate 0 + -3 + 6 + -1 + 3.
5
What is (-6 - -17) + 3 + -2 - 7?
5
(4 - -3) + (-6 - -2)
3
What is -6 - (-4 - (3 + 5 + -5))?
1
(0 - -1) + (4 - (-5 - -9))
1
-4 + 5 + -1 + -4
-4
-1 - (-8 - -6) - 4
-3
(4 - (-2 - 3)) + -13
-4
What is -4 + (4 - -1 - (-1 + 8))?
-6
0 + (-3 - -4 - 0) + -2
-1
What is (0 - 6) + 3 - -11?
8
What is the value of 0 + 2 + (21 - 18)?
5
What is (-2 - -14) + (-11 - (-3 + -2))?
6
-2 + 3 + 2 + 0 + 1
4
4 + (-11 - 1) - -7
-1
Evaluate 9 + -18 + (0 - -5).
-4
-2 - (-11 + 5 + -5 + 3)
6
Evaluate -5 + (9 + -5 - 3).
-4
What is -11 + (13 - -1) - (-1 + -2)?
6
What is the value of 3 - 1 - (-1 - 1) - 6?
-2
What is the value of 3 + (-7 - (-4 - -1))?
-1
Calculate -3 + -1 + 7 + -3.
0
-4 + (-4 - 0) + 15 - 2
5
(12 - 4 - (0 - -3)) + -5
0
What is 2 + -1 + 5 + -7?
-1
Evaluate 56 - 47 - (0 + 4).
5
1 + -4 + 1 - (1 - 8)
5
Evaluate 1 - 0 - (-17 - (-23 - -9)).
4
What is 5 - (2 - 12) - 9?
6
(5 - 10) + -15 + 6 - -7
-7
(2 - 3) + 0 + 5 + -3
1
What is the value of -1 + (2 - 5) + 1?
-3
What is the value of 0 + 20 - 12 - 5?
3
What is 8 + -1 + (16 - 26)?
-3
-2 - 2 - (53 + -59)
2
Evaluate -8 - (0 - 6) - (-2 - -10).
-10
What is (3 - (0 + (3 - 3))) + -5?
-2
What is the value of -1 + 1 + 0 - (10 - 11)?
1
What is the value of -3 + 8 + 0 + -21 + 9?
-7
What is 2 - (-8 + 11 - (1 - -2))?
2
What is -3 + -4 + (-3 - -6) + 2?
-2
What is the value of 3 - (0 + -1 + 5)?
-1
Calculate (15 - 3 - 4) + -4.
4
(-5 - 0) + (4 - 0 - 3)
-4
What is 7 + -14 - -11 - (-1 - -6)?
-1
Evaluate (3 - (4 - (2 - -1))) + -7.
-5
Evaluate 28 + -30 + (0 - (2 - 4)).
0
-9 + (1 - -1) - (-13 + 9)
-3
What is the value of (-4 - (-3 - 0)) + 3?
2
What is the value of 9 - (0 + (-9 - -11))?
7
Calculate 59 + -63 + (0 - 1).
-5
21 + -4 + -11 - -2
8
What is 0 + 3 + -2 + 6 + -2?
5
Evaluate -4 + 0 + 0 + 8.
4
-7 + -6 + 3 + 6 - 5
-9
(-7 - 3) + -1 + 6 + 7
2
Calculate 0 + 3 + -14 + 3 + 10.
2
What is 14 + (3 + -10 - 2)?
5
4 + (-3 - 1) - 4
-4
What is -13 - (-6 + -4 + 3)?
-6
What is the value of -1 + (10 + -14 - (-6 - 2))?
3
Calculate (-2 - -9) + 1 + -7.
1
What is -6 + 3 + 2 - -2?
1
Calculate (15 - 16) + (6 - 1) + -1.
3
What is -9 - -5 - -4 - (2 + -8)?
6
What is (2 - (-28 + 11)) + -12?
7
Calculate 3 - -2 - (-4 + 20 - 4).
-7
What is 2 - ((9 - 6) + -2)?
1
What is 3 + -5 - -6 - 7?
-3
Evaluate -5 - -6 - (3 + 1 + -1).
-2
Evaluate 1 + (3 - (2 - 1)) - 2.
1
What is (5 - 7) + -1 + 4?
1
What is the value of -3 + 3 + (1 + -2 - 1)?
-2
What is 0 - (-1 - ((3 - 4) + -5))?
-5
What is the value of 0 + (9 - 20) + 3?
-8
Evaluate -2 + 3 + (-4 - 4).
-7
-2 + (2 - (-1 - 0) - -2)
3
1 + (-1 - -1) + -1 - 3
-3
2 - -1 - (0 - -2)
1
Evaluate (-5 - (-6 + 5)) + 2.
-2
What is the value of -15 + 2 - (-21 - -13)?
-5
What is the value of -7 - (-7 + (-3 - -2))?
1
10 + -1 - (6 - -2)
1
Calculate 3 + (2 + 2 - 7).
0
Calculate 0 + -9 + 1 + (-149 - -147).
-10
What is the value of 17 - 2 - (-82 - -92)?
5
What is the value of (-5 - -8) + (-2 - 0 - 6)?
-5
What is the value of 19 + (-7 - (15 + -11))?
8
What is the value of -67 + 63 + (1 - 4) - -17?
10
-4 - (1 - -2 - (-30 + 31))
-6
(10 - 5) + -5 - (0 + -3)
3
Calculate 2 - (4 - (3 - (3 + -7))).
5
Calculate (8 - 16 - -12) + (-8 - 1).
-5
-10 + 14 - (3 - -1)
0
What is -9 - -5 - (2 - 4) - -5?
3
What is the value of 6 - (7 - 9 - -9)?
-1
Evaluate -9 - (-19 + -6) - 11.
5
Calculate 4 - (3 + (-2 - 1 - 0)).
4
Calculate 6 - ((2 - -3) + 0).
1
What is the value of -6 - (-8 - (6 - 6))?
2
What is the value of -7 - (7 + -22 - -8)?
0
Calculate -15 + 9 + 0 + 10.
4
What is -5 - (-8 + -4) - 0?
7
What is 4 + -17 - -18 - (0 - 1)?
6
What is -6 + 0 + 0 - (-174 - -167)?
1
What is the value of -19 + 11 + 13 + -1?
4
What is -1 + (11 - 6) + 0?
4
What is -2 + (-3 - (4 - (12 + 1)))?
4
Evaluate 3 + (-3 - 4 - -4).
0
24 - 18 - (9 - -1)
-4
6 + 0 - (-5 - (-7 - 0))
4
What is 8 + (4 - (-4 - -10)) + -2?
4
What is -7 - (1 - (6 - 1))?
-3
What is the value of -4 - 0 - ((12 - 10) + -4)?
-2
Calculate -4 - (-3 + 2 + 1 - -1).
-5
What is the value of -1 + 2 + (1 - -1 - -2)?
5
-7 + 1 - (-2 - 5)
1
Calculate 13 - (9 + 7 + -11).
8
Evaluate 4 + -4 + 1 + (0 - -4).
5
What is (1 - (2 + 1)) + 3 + 2?
3
Evaluate -1 + 6 + -9 + 10.
6
Evaluate 0 + -4 + 6 + -3 + 1.
0
Calculate -12 + 10 + (-3 - -1 - -2).
-2
-1 + 4 - ((0 - -1) + -2)
4
(-30 - -27) + (1 - -1) - -3
2
What is the value of 1 - 0 - (-3 - (6 + -9))?
1
(26 - 29) + 6 + 1
4
What is -10 - -6 - (4 - 7)?
-1
What is the value of (1 - (-4 + 1)) + -7?
-3
What is (-3 - 5) + 4 - (-6 + 0)?
2
What is -3 + (-1 - 3) - -7?
0
Calculate -1 - (5 - (14 + (-4 - 1))).
3
0 - (-1 + (-4 - (-1 - 3)))
1
Calculate 6 - 4 - (27 - 16).
-9
Evaluate -6 + -1 + 1 - -1.
-5
What is the value of (0 + 0 - -5) + (-8 - -12)?
9
Calculate (3 - 3 - 3) + 0 + -4.
-7
-5 + (6 + 